-5)) + 44 + -45
-8
(-45 - -41) + -4 + -1 + -23
-32
What is -65 + (45 - 44) - -83?
19
What is 17 + (94 - 14) + -3 + -31?
63
Evaluate 6 + -12 + (3 - 11) + 15 + -39.
-38
Calculate (-2 - -7) + 570 + -588.
-13
14 + -77 + 123 + -38
22
What is -61 + (29 - 25 - -84)?
27
-42 + 1 + (-7245 - -7265)
-21
What is the value of (32 - 12) + (4 - 6) + -66?
-48
What is 51 + (49 - 98) + -40?
-38
Calculate 1 + (7 - 44 - 8) - (-8 - -11).
-47
What is the value of 14 - (-58 + (28 - -15)) - -55?
84
Calculate (20 - (-50 - -104)) + (8 - -47).
21
What is the value of 11 - ((6 - -21) + -34 - (2 + -35))?
-15
Evaluate -15 - (35 + (23 - -1)).
-74
What is the value of (-10 - (21 - 1 - 31)) + (-1 - 11)?
-11
What is the value of 1 + -3 + (10 + 2 + -20 - (-6 - -1))?
-5
92 + -165 + (16 - (1 - 0 - (1 - 6)))
-63
Calculate 8 + -17 + (7 - (-15 - -22)) - -13.
4
9 + (5 - -47 - 26)
35
What is -15 - (-18 - (-3 - (-9 + 8)))?
1
10 - (67 + -69 - -31)
-19
Calculate -9 + (231 + -242 - (-4 - -1)) - -16.
-1
Evaluate 1 - (-23 + -3) - (-16 + 23).
20
Calculate 18 + -36 + (-34 - -43) + 2.
-7
Evaluate (-3 + -1 + -24 + 32 - (2 - -16)) + 85.
71
Evaluate 46 + -64 + 13 - 32.
-37
Calculate -1830 + 1809 + (-50 - -4).
-67
2 + 62 + -1 - ((10 - -34) + -27)
46
Calculate -4 + 1 - (-10 - -29 - (5 + -1)).
-18
What is the value of 6 + (13 - (-5 + 1)) - (44 - (26 + 20))?
25
Calculate (-414 - -413 - (2 - (-1 + 1)) - 16) + 3.
-16
Calculate -10 + (-32 + 161 - 97).
22
Evaluate (6 - 2) + (5 - -4) + 4 + (-6 - 57).
-46
What is 33 - (143 + -76 + 34)?
-68
(22 - 1) + -1303 + 1317 - -16
51
What is the value of 0 + 72 - -2 - (-3 + 2) - (475 - 462)?
62
(-1542 - -1565) + (2 - 89 - 4)
-68
What is -3 + 9 + -12 + 120 + -60?
54
-65 - -2 - 1 - (-216 + (76 - -132))
-56
Evaluate 47 + (-44 - -22) + 10 + 3.
38
What is (5 - (7 + -20 + 5)) + (53 - (8 - 0))?
58
Calculate (-210 - -91) + 121 + 14 + 0.
16
Evaluate 15 + (13 - -4 - 41) - (118 + 14).
-141
Evaluate 14 + (84 - 47 - 44) + (97 - -1).
105
Calculate -52 + (-80 - -128) + -114 + (-4 - -3) + 0.
-119
Calculate 6 - (0 + (2 - (3 + -16))) - 16.
-25
-2 + 51 + 2 - -2 - (25 + 0 + -28)
56
Evaluate -40 + -2 - (-3235 + 3167).
26
What is (-16 - -52) + (-11 - 42)?
-17
Evaluate -63 + (-17 + 65 - 17) + (-13 - -1).
-44
Evaluate -43 + 33 + 6 + 28.
24
What is the value of -7625 - -7593 - (-2 + 2 - -112)?
-144
Calculate 77 + -123 + -6 - 23.
-75
Evaluate -41 + 5 - (-43 + -2).
9
What is -2 + -9 - (-71 - -82) - (-1 + 15)?
-36
Calculate (16 - -11 - 50 - -11) + -63.
-75
What is (-72 + 76 - 42) + -45?
-83
What is 77 - ((55 - 73) + 67)?
28
What is the value of -34 + 48 - -55 - (-17 - -10)?
76
Evaluate 11 - (62 - ((2 - 10) + (174 - 169))).
-54
Calculate 2 + 17 + (29 + (7 - (-8 + 36)) - 19).
8
What is 37 - (-1 - (-28 - (0 - -8)))?
2
-132 - (-133 - (-31 - 66))
-96
(0 - (78 + -54)) + 0 + 22
-2
Calculate -9 + -44 + (23 - -17).
-13
Calculate 5 + -17 + 31 + -34 - -60.
45
104 + -4 - ((2 - -9) + -9 + 22)
76
118 - 69 - 65 - (3 + 19)
-38
Evaluate (48 - (108 - 48)) + -5 + 5 + -92.
-104
What is the value of (-8 + 3 - -3) + -3 + -1 + 1 + 45?
40
What is the value of (-9 - -41) + -30 + -6?
-4
Calculate -25 + 31 - (40 - 65).
31
Calculate 22 + (0 + -6 - (-177 + 157) - 130).
-94
(-29 - -38 - -13 - 31) + (1 - 12)
-20
What is 39 - (77 + -66) - (0 + -31)?
59
-14 + (-13 + 24 - -44)
41
-79 - ((19 - 76) + 1)
-23
Evaluate -93 + 0 + 27 + 2.
-64
What is the value of 63 - (10 + -1 + -6 + 2)?
58
What is the value of 15 + 6 + 1 + 3 + (-13 - 5 - -8)?
15
Evaluate -24 - (48 - 5 - 25 - 141) - (-9 - 0).
108
Calculate -5 + (105 - (27 + -12)) + -10.
75
-73 + (-44 - (-1 - (-30 - -72)))
-74
Calculate 30 + (16 - (14 - -3)) + (3 - 0).
32
-63 + 63 - ((-7 + 12 - (2 + 8)) + -52)
57
Evaluate -8 + 2 + (-1 - 1 - 0) - (2672 + -2755).
75
Evaluate (12 - 17) + 10 + -15 + -15 + 3.
-22
What is 0 - (-5 + 10 + (-8 - -5)) - (11 - -23)?
-36
Calculate 30 + -105 + 3 + (-36 - -33).
-75
What is (-16 - 27) + 320 + -334?
-57
Calculate -1 + -1 + 15 + 3 + 52 - (-5 - 5).
78
What is (0 - (1 - (11 + -20)) - 4) + (1 - -3)?
-10
What is the value of -26 + -4 - (67 - 88) - (-14 - 0) - -57?
62
What is the value of 2 + -8 + (-33 - -76 - 41)?
-4
Calculate 7 + 1 + (123 - 29 - 175).
-73
(11 + -1 - (51 - (10 + -14)) - -10) + -5
-40
Evaluate (-46 - -3) + 57 + (96 - 154).
-44
What is the value of 1 + -43 - (23 + -19) - (-65 + 55 + 15)?
-51
-22 - (0 + -1 + 2) - (-2376 - -2364) - 13
-24
3 + (2 + (19 - 13) + (-4 - -5) - -1)
13
Calculate (-9 - -4 - (-11 + 36 - 25)) + -3 + -80.
-88
(3 - (1 - -1) - (1 - -13)) + (52352 - 52392)
-53
What is the value of 37 + 0 - (4890 - 4871)?
18
Evaluate 0 + -26 + -1 + 2 - (-127 + (79 - -39)).
-16
Calculate (-58 - -51 - (-4 + (-9 - -4))) + (-11 - -1).
-8
Calculate 4 + 32 + 0 + (-30 - (-50 + 22)).
34
Calculate -38 + (-9 - -41) - (2 - 1 - 15).
8
What is the value of -6 + -2 + -3 + (77 + -22 - 5)?
39
Evaluate 32 + (69 + -48 - 52) + (-1 - 0) + -82.
-82
-4 - (-3 - 7) - -28
34
Calculate 22 + -2 + 112 + -22 + 11 + -7.
114
What is the value of -34 + -48 - -38 - (1 - (1 - -3))?
-41
What is (14 - (-1 - 31 - -16)) + -105?
-75
What is 35 + (-284 - -311) + (-2 - 14)?
46
What is the value of (-39 + (1 - 0) - 0) + -15211 + 15212?
-37
-4 + (66 + -12 - (-2 + 4 + 9))
39
Calculate -21 + (-6 - -33 - 54).
-48
Evaluate -2 - (-2 + -6 + 4 + -10 + -24 + 6).
30
-9 + -1 + (-8 + 8 + 0 - -9) - 2
-3
Evaluate -123 + (-15 - (-22 + -7) - -1).
-108
Evaluate 2 + 27 + -31 + -10.
-12
Calculate 87 + -1 + 16 + (0 - 1) + (55 - 54).
102
Calculate (-11 - -5) + 36 + (5 - (5 + 9 - 9)).
30
(-6 - (-4 + 5)) + 6
-1
Calculate (17 + 2 + -19 - (-5 - 2)) + -1 + -2.
4
-1 - -117 - (751 + -763)
128
2 + -49 + 29 + -47 + 39 + -10 + -5
-41
What is 0 - 95 - (7665 + -7767)?
7
What is ((15 - -1) + (75 - 114) - -10) + 67?
54
Evaluate (-37 - -1) + (172 - 162) + 12 + -6.
-20
Evaluate 26 - (-8 - -12) - (11 + -8 + 3).
16
24 - (-3 + 21) - (-21 + -57)
84
What is (-67 - 0) + (21 - 41 - (9 + -27 - -13))?
-82
What is (0 - -55) + 390 + -366 + -1 + -26?
52
Calculate 59 - 0 - ((-23 + 49 - 25) + 9).
49
(-39 - (3 + -14)) + 22
-6
Calculate (15 - 2) + (176 - 198) + 41.
32
(70 - (30 + -20)) + -57
3
-39 + (-52 - -84) + (-20 - -3)
-24
Calculate -3 - ((0 - -1) + -5 + 9) - (489 + -505).
8
What is the value of -25 - (8 - -33 - 23) - -7?
-36
(0 + -8 - (0 - -4)) + (1 + -25 - -20)
-16
Evaluate -112 + (-195 - -101 - -61).
-145
What is the value of (-1 - 1 - (7 + -25)) + -8?
8
Evaluate (-6 - -3) + 159 + -117.
39
-56738 + 56714 - (-11 + -1 + 3 + -1)
-14
Calculate -15 + (-8 - -2) + 40 - (-13 + 24).
8
Evaluate 21 + (-56 - -46) - -15.
26
What is (0 + -3 - 3 - (-55 - -45)) + -4?
0
Calculate -3 + -31 + 47 + -25 - 4.
-16
What is (35 - (5 - 5)) + (-32 + 48 - (4 + 4))?
43
Calculate -20 + -1 + -3 + 4 + 19.
-1
Evaluate -171 - (69 + (32 - 153)).
-119
Evaluate -81 + 22 + -13 - ((4 - 11) + 7).
-72
90 - (22 - (38 + -7) - -44)
55
What is the value of 58 + (21 + -67 - 18) + 1 + -2 + -3?
-10
What is the value of -26 + (50 - (19 - -12)) + (1 - 31) + -4?
-41
Calculate 28 + -16 + 19 + -7.
24
What is the value of 16 - (21 + 20 - 52)?
27
What is the value of -2 - (-118 - -61) - 61?
-6
(-8 - -92) + 13 + (2 - 3 - -4)
100
Calculate -13 + (6 + -5 - -29) + 29.
46
Evaluate (-22 - (-15 - 15)) + (0 - (0 + 24)).
-16
What is -15 + (-42 - (31 - 22 - 26))?
-40
What is -35 + (81 - (34 - 12))?
24
47 + 6 + (-8 - -10 - -4) + -1
58
What is the value of (-6 - -7) + (-4 - -1) + (39 - (15 - -91))?
-69
What is the value of -2 + 30 + (27 + -23 + (-10 - -18) - 21)?
19
Calculate -38 + 18 + -6 + -13 + 85.
46
(12 - (-124 + 120 + 15 + 1 + 0)) + 74
74
What is the value of 155 + (-129 - -102) - 87?
41
What is the value of -2 - 0 - 2 - ((-23 - (4 - -16)) + 47)?
-8
(13 + -5 - 2) + 18 + -22 + 2 + -1
3
What is the value of 0 + -29 - (-7 - ((1 - -10) + 291 + -296))?
-16
Evaluate -533 - -513 - (4 + 16).
-40
What is the value of -59 + 78 + 32 - -70?
121
Calculate 86 + -21 + -22 + 68.
111
What is 83 + -73 + (-6 - -33)?
37
Calculate 1 - 11 - (-1 - -2) - (1157 - 1205).
37
Evaluate (1 + 0 + 4 - ((5 - -30) + -35)) + 137.
142
Evaluate -35 + 72 + 26 + -19.
44
What is the value of (4 - (0 - -5 - -2)) + (82 - (21 + -5))?
63
What is the value of (1 - 92 - -46) + 50?
5
Calculate -62 + -4 + (105 - (-84 + 165)).
-42
-21 + (34 + 12 + -48 - 38)
-61
(-1 - 1) + (34 - 31 - (-10 - -1)) + 11
21
Calculate -44 - 26 - -1 - -91.